{"id":11998,"date":"2023-10-13T10:00:47","date_gmt":"2023-10-13T13:00:47","guid":{"rendered":"https:\/\/mmpersonalizados.com.br\/?post_type=product&#038;p=11998"},"modified":"2024-08-22T12:40:40","modified_gmt":"2024-08-22T15:40:40","slug":"squeeze-flamengo-001","status":"publish","type":"product","link":"https:\/\/mmpersonalizados.com.br\/?product=squeeze-flamengo-001","title":{"rendered":"Squeeze Flamengo &#8211; 001"},"content":{"rendered":"<p>&#8211; Squeeze personalizado<br \/>\n&#8211; Fazemos todos os temas<br \/>\n&#8211; Material alum\u00ednio<br \/>\n&#8211; 600 ml<br \/>\n&#8211; N\u00e3o sai na lavagem.<br \/>\n&#8211; N\u00e3o vaza (possui sistema antivazamento)<\/p>\n","protected":false},"excerpt":{"rendered":"<p>Voc\u00ea \u00e9 um torcedor fiel e est\u00e1 sempre procurando maneiras de demonstrar seu amor pelo seu time do cora\u00e7\u00e3o?\u00a0 Com seu design exclusivo, o Squeeze \u00e9 perfeito para levar para o trabalho, academia ou qualquer lugar que voc\u00ea v\u00e1. Al\u00e9m disso, ele \u00e9 uma \u00f3tima op\u00e7\u00e3o de presente sendo personalizado com o nome daquele amigo ou familiar.<\/p>\n","protected":false},"featured_media":12020,"comment_status":"open","ping_status":"closed","template":"","meta":[],"product_brand":[],"product_cat":[569,423,480],"product_tag":[207,479],"class_list":{"0":"post-11998","1":"product","2":"type-product","3":"status-publish","6":"product_cat-squeeze-flamengo","7":"product_cat-squeezes","8":"product_cat-squeeze-times","9":"product_tag-flamengo","10":"product_tag-squeeze","12":"first","13":"outofstock","14":"shipping-taxable","15":"purchasable","16":"product-type-simple"},"_links":{"self":[{"href":"https:\/\/mmpersonalizados.com.br\/index.php?rest_route=\/wp\/v2\/product\/11998","targetHints":{"allow":["GET"]}}],"collection":[{"href":"https:\/\/mmpersonalizados.com.br\/index.php?rest_route=\/wp\/v2\/product"}],"about":[{"href":"https:\/\/mmpersonalizados.com.br\/index.php?rest_route=\/wp\/v2\/types\/product"}],"replies":[{"embeddable":true,"href":"https:\/\/mmpersonalizados.com.br\/index.php?rest_route=%2Fwp%2Fv2%2Fcomments&post=11998"}],"version-history":[{"count":1,"href":"https:\/\/mmpersonalizados.com.br\/index.php?rest_route=\/wp\/v2\/product\/11998\/revisions"}],"predecessor-version":[{"id":11999,"href":"https:\/\/mmpersonalizados.com.br\/index.php?rest_route=\/wp\/v2\/product\/11998\/revisions\/11999"}],"wp:featuredmedia":[{"embeddable":true,"href":"https:\/\/mmpersonalizados.com.br\/index.php?rest_route=\/wp\/v2\/media\/12020"}],"wp:attachment":[{"href":"https:\/\/mmpersonalizados.com.br\/index.php?rest_route=%2Fwp%2Fv2%2Fmedia&parent=11998"}],"wp:term":[{"taxonomy":"product_brand","embeddable":true,"href":"https:\/\/mmpersonalizados.com.br\/index.php?rest_route=%2Fwp%2Fv2%2Fproduct_brand&post=11998"},{"taxonomy":"product_cat","embeddable":true,"href":"https:\/\/mmpersonalizados.com.br\/index.php?rest_route=%2Fwp%2Fv2%2Fproduct_cat&post=11998"},{"taxonomy":"product_tag","embeddable":true,"href":"https:\/\/mmpersonalizados.com.br\/index.php?rest_route=%2Fwp%2Fv2%2Fproduct_tag&post=11998"}],"curies":[{"name":"wp","href":"https:\/\/api.w.org\/{rel}","templated":true}]}}