{"id":13771,"date":"2023-11-27T13:36:26","date_gmt":"2023-11-27T16:36:26","guid":{"rendered":"https:\/\/mmpersonalizados.com.br\/?post_type=product&#038;p=13771"},"modified":"2024-02-07T14:49:12","modified_gmt":"2024-02-07T17:49:12","slug":"camiseta-flamengo-001-copia","status":"publish","type":"product","link":"https:\/\/mmpersonalizados.com.br\/?product=camiseta-flamengo-001-copia","title":{"rendered":"Camiseta Flamengo &#8211; 003"},"content":{"rendered":"<ul>\n<li>A estampa n\u00e3o desbota nem quebra;<\/li>\n<li>Altamente dur\u00e1vel, n\u00e3o sai com lavagem;<\/li>\n<li>Pode ser lavada na m\u00e1quina;<\/li>\n<li>Pode passar o ferro sobre a estampa;<\/li>\n<li>Produto de alt\u00edssima qualidade;<\/li>\n<\/ul>\n","protected":false},"excerpt":{"rendered":"<ul>\n<li>\u00a0Camiseta Unissex Gola Redonda ou V;<\/li>\n<li>\u00a0Estampa sublim\u00e1tica de alta qualidade e defini\u00e7\u00e3o; n\u00e3o desbota e n\u00e3o solta tinta;<\/li>\n<li>\u00a0Camiseta 100% poli\u00e9ster fabricada com material de \u00f3tima qualidade;<\/li>\n<li>\u00a0O tamanho da estampa \u00e9 baseada numa folha padr\u00e3o A4;<\/li>\n<\/ul>\n","protected":false},"featured_media":13778,"comment_status":"open","ping_status":"closed","template":"","meta":[],"product_brand":[],"product_cat":[596,269,487],"product_tag":[207,197],"class_list":{"0":"post-13771","1":"product","2":"type-product","3":"status-publish","6":"product_cat-flamengo-camisetas-time","7":"product_cat-camisetas","8":"product_cat-camisetas-time","9":"product_tag-flamengo","10":"product_tag-times","12":"first","13":"outofstock","14":"shipping-taxable","15":"purchasable","16":"product-type-simple"},"_links":{"self":[{"href":"https:\/\/mmpersonalizados.com.br\/index.php?rest_route=\/wp\/v2\/product\/13771","targetHints":{"allow":["GET"]}}],"collection":[{"href":"https:\/\/mmpersonalizados.com.br\/index.php?rest_route=\/wp\/v2\/product"}],"about":[{"href":"https:\/\/mmpersonalizados.com.br\/index.php?rest_route=\/wp\/v2\/types\/product"}],"replies":[{"embeddable":true,"href":"https:\/\/mmpersonalizados.com.br\/index.php?rest_route=%2Fwp%2Fv2%2Fcomments&post=13771"}],"version-history":[{"count":2,"href":"https:\/\/mmpersonalizados.com.br\/index.php?rest_route=\/wp\/v2\/product\/13771\/revisions"}],"predecessor-version":[{"id":13784,"href":"https:\/\/mmpersonalizados.com.br\/index.php?rest_route=\/wp\/v2\/product\/13771\/revisions\/13784"}],"wp:featuredmedia":[{"embeddable":true,"href":"https:\/\/mmpersonalizados.com.br\/index.php?rest_route=\/wp\/v2\/media\/13778"}],"wp:attachment":[{"href":"https:\/\/mmpersonalizados.com.br\/index.php?rest_route=%2Fwp%2Fv2%2Fmedia&parent=13771"}],"wp:term":[{"taxonomy":"product_brand","embeddable":true,"href":"https:\/\/mmpersonalizados.com.br\/index.php?rest_route=%2Fwp%2Fv2%2Fproduct_brand&post=13771"},{"taxonomy":"product_cat","embeddable":true,"href":"https:\/\/mmpersonalizados.com.br\/index.php?rest_route=%2Fwp%2Fv2%2Fproduct_cat&post=13771"},{"taxonomy":"product_tag","embeddable":true,"href":"https:\/\/mmpersonalizados.com.br\/index.php?rest_route=%2Fwp%2Fv2%2Fproduct_tag&post=13771"}],"curies":[{"name":"wp","href":"https:\/\/api.w.org\/{rel}","templated":true}]}}