{"id":6322,"date":"2022-09-08T15:24:09","date_gmt":"2022-09-08T18:24:09","guid":{"rendered":"http:\/\/mmpersonalizados.com.br\/?post_type=product&#038;p=6322"},"modified":"2024-02-07T15:23:29","modified_gmt":"2024-02-07T18:23:29","slug":"mochila-homem-de-ferro-001","status":"publish","type":"product","link":"https:\/\/mmpersonalizados.com.br\/?product=mochila-homem-de-ferro-001","title":{"rendered":"Mochila Homem de Ferro &#8211; 001"},"content":{"rendered":"<p>Possuem excelente qualidade de imagem com \u00f3tima resolu\u00e7\u00e3o acabamento.<\/p>\n<p><strong><em>Dimens\u00f5es do produto:<\/em><\/strong><\/p>\n<p>Tecido 100% poli\u00e9ster<br \/>\nComprimento: 30 cm<br \/>\nAltura: 40 cm<\/p>\n","protected":false},"excerpt":{"rendered":"<p>Mochila Saco na cor branca Personalizada com tema de sua prefer\u00eancia, linda lembrancinha para festa de anivers\u00e1rio, escolas ou eventos, n\u00e3o \u00e9 s\u00f3 uma lembrancinha, d\u00e1 para usar no dia a dia pois s\u00e3o muito \u00fateis e resistentes.<\/p>\n<p>&nbsp;<\/p>\n","protected":false},"featured_media":12755,"comment_status":"open","ping_status":"closed","template":"","meta":[],"product_brand":[],"product_cat":[471,468],"product_tag":[96,473,436,67,440],"class_list":{"0":"post-6322","1":"product","2":"type-product","3":"status-publish","6":"product_cat-mochilas-heroes","7":"product_cat-mochilas","8":"product_tag-avengers","9":"product_tag-ferro","10":"product_tag-heroes","11":"product_tag-homem","12":"product_tag-homem-de-ferro","14":"first","15":"outofstock","16":"shipping-taxable","17":"purchasable","18":"product-type-simple"},"_links":{"self":[{"href":"https:\/\/mmpersonalizados.com.br\/index.php?rest_route=\/wp\/v2\/product\/6322","targetHints":{"allow":["GET"]}}],"collection":[{"href":"https:\/\/mmpersonalizados.com.br\/index.php?rest_route=\/wp\/v2\/product"}],"about":[{"href":"https:\/\/mmpersonalizados.com.br\/index.php?rest_route=\/wp\/v2\/types\/product"}],"replies":[{"embeddable":true,"href":"https:\/\/mmpersonalizados.com.br\/index.php?rest_route=%2Fwp%2Fv2%2Fcomments&post=6322"}],"version-history":[{"count":1,"href":"https:\/\/mmpersonalizados.com.br\/index.php?rest_route=\/wp\/v2\/product\/6322\/revisions"}],"predecessor-version":[{"id":6323,"href":"https:\/\/mmpersonalizados.com.br\/index.php?rest_route=\/wp\/v2\/product\/6322\/revisions\/6323"}],"wp:featuredmedia":[{"embeddable":true,"href":"https:\/\/mmpersonalizados.com.br\/index.php?rest_route=\/wp\/v2\/media\/12755"}],"wp:attachment":[{"href":"https:\/\/mmpersonalizados.com.br\/index.php?rest_route=%2Fwp%2Fv2%2Fmedia&parent=6322"}],"wp:term":[{"taxonomy":"product_brand","embeddable":true,"href":"https:\/\/mmpersonalizados.com.br\/index.php?rest_route=%2Fwp%2Fv2%2Fproduct_brand&post=6322"},{"taxonomy":"product_cat","embeddable":true,"href":"https:\/\/mmpersonalizados.com.br\/index.php?rest_route=%2Fwp%2Fv2%2Fproduct_cat&post=6322"},{"taxonomy":"product_tag","embeddable":true,"href":"https:\/\/mmpersonalizados.com.br\/index.php?rest_route=%2Fwp%2Fv2%2Fproduct_tag&post=6322"}],"curies":[{"name":"wp","href":"https:\/\/api.w.org\/{rel}","templated":true}]}}

<p>Possuem excelente qualidade de imagem com ótima resolução acabamento.</p>
<p><strong><em>Dimensões do produto:</em></strong></p>
<p>Tecido 100% poliéster<br />
Comprimento: 30 cm<br />
Altura: 40 cm</p>

<p>Mochila Saco na cor branca Personalizada com tema de sua preferência, linda lembrancinha para festa de aniversário, escolas ou eventos, não é só uma lembrancinha, dá para usar no dia a dia pois são muito úteis e resistentes.</p>
<p>&nbsp;</p>
